- 15. Let d(q) be the second derivative of j(q). Give d(-4).
2
Let j be 1 + -3 + 2 - -2. Suppose w - 2 = j*w. Let i(s) = s + 1. Let y be i(w). Let c(k) = -9*k + 1. What is c(y)?
10
Let w(b) = 12*b**2 - b**3 - 74*b + 24*b + 19 + 12*b + 24*b. Give w(11).
-14
Let f(h) be the second derivative of -2*h**3/3 + 5*h**2 + 128*h. Calculate f(4).
-6
Let j(v) = v + 5. Let t(p) = 28*p + 210. Let a(u) = 42*j(u) - t(u). Determine a(-2).
-28
Let h = -218 + 219. Let o(t) = 19*t**2. What is o(h)?
19
Suppose -4*k = 2*l - 14, 22*k - 20 = 17*k - 5*l. Let o(i) = -i**3 + 4*i**2 - 3*i - 2. Determine o(k).
-2
Suppose -4*q = -2*q - 8. Let g(o) = 15 - 3*o**2 + 6*o**3 - 4 + q*o**2 - 7*o**3. Let a be (-2)/(-3) + (-16)/24. Determine g(a).
11
Let l = 23 + -23. Let i(d) = -d + 8. Let j be i(6). Let k(o) = -13 - j*o**3 + 17 + o**2 + 3*o**3. What is k(l)?
4
Let v(b) = b**2 + 3*b. Let y(u) = u**3 - 7*u**2 + 5*u - 13. Let r be (-1 - 1)*(1 + -4). Let t be y(r). Let i = t - -16. Determine v(i).
0
Let c(o) = -2*o**2 - 42*o - 42. Let d be c(-20). Let m(r) = -2*r**3 - 3*r**2 - r. Give m(d).
6
Let w(y) = y**3 - 4*y**2 - 4*y - 5. Let u be w(5). Suppose -2*p = -5*o - u*p + 74, 3*o = 2*p + 46. Let l(j) = o + 10 - 23 - 4*j. Calculate l(-1).
5
Let g(x) = -13*x - 17*x**2 - 21*x**2 - 18 + 37*x**2. Determine g(-12).
-6
Let m(s) = s**3 + 11*s**2 + 8*s - 10. Let k(v) = 9*v**2 + 55*v - 4. Let g be k(-6). Give m(g).
10
Let c(q) = 4*q**2 + 3*q - 2. Let i(o) = 5*o**2 + 2*o - 3. Let h(j) = -4*c(j) + 3*i(j). Suppose 7*m - 6*m = -5*u + 6, -3*m = 4*u + 4. Determine h(m).
7
Let k(i) be the second derivative of -5*i**4/6 - i**2/2 + 6*i. Let c(f) = 2*f**2 + f. Let a be c(-1). What is k(a)?
-11
Let k be 6*168/(-45) + 3/(-5). Let g = 18 + k. Let w(t) be the first derivative of t**2 + 4*t + 1. What is w(g)?
-6
Suppose 2*v + 3*x = -15 + 6, 11 = 2*v - x. Suppose -2*l = s - v*l - 4, -3*l - 9 = -2*s. Let a(o) = -2*o + 4. Calculate a(s).
-2
Let f(z) = -z**3 - 4*z**2 - 5*z - 5. Suppose -5*g + 7*g = -2*x - 18, -5*x - 9 = -4*g. Give f(x).
45
Let t be ((-2)/(-1))/(1/4). Suppose -192*k = -198*k + 18. Let d(p) = 0 + k - 7*p + t*p. What is d(-4)?
-1
Let m(o) = -o**2 + 4*o. Let z be m(3). Let x(y) be the first derivative of -y**3/3 + 3*y**2 - 3*y - 39. Give x(z).
6
Let g = 107 + -97. Let x(i) = i - 13. Let o(q) = q - 14. Let n(t) = -2*o(t) + 3*x(t). What is n(g)?
-1
Let d(n) = 2*n**3 - n**2 + n - 2. Let y(h) = -11*h**3 - 4*h**2 - 7 + 16*h**3 + 4*h - h. Let l(c) = -7*d(c) + 2*y(c). Let m = -4 - -3. Give l(m).
4
Let g(w) be the second derivative of w**4/12 - w**2 - 8*w. Let l be (-4)/12*9/(-1). Give g(l).
7
Let m = 71 - 61. Suppose -2*j + m*j - 48 = 0. Let x(t) = -t**2 + 5*t. Calculate x(j).
-6
Let b(l) be the first derivative of l + 0*l**3 + 1 - 1/2*l**2 + 3/4*l**4. Let n(u) = -16*u**3 - u**2 + 5*u - 5. Let s(j) = -11*b(j) - 2*n(j). What is s(-2)?
13
Let l(d) be the second derivative of 2*d**3/3 + 27*d**2/2 + 276*d. Give l(-8).
-5
Suppose 3*r = -o + 8, -5*o - 2*r = -2 - 12. Let m(c) = c**2 + 4*c - 3. Let j be m(-5). Let p(k) = j*k - 3*k**2 + o*k**2 - 3*k**2 + 3*k**2 - 4. Determine p(3).
-7
Let w = -11 - -13. Let q(k) be the second derivative of -k**5/20 + k**4/4 - k**3/6 + 11*k. Calculate q(w).
2
Let i(b) = 9*b - 21. Let n(y) = -4*y + 10. Let v(r) = -3*r - 14. Let g be v(-9). Let m(d) = g*n(d) + 6*i(d). Let q be ((-1)/(-2))/((-1)/10). Give m(q).
-6
Let t(n) = n**2 + 8*n + 9. Let u(b) = -b**3 + b**2 + 11*b - 5. Let i be u(5). Let m be 48/(-20)*i/(-15). Calculate t(m).
9
Let h be 9 + -5 + 2*(-21)/6. Let n(u) = -u**3 - 3*u**2 + 3*u. Give n(h).
-9
Let y be -2*29 - (-1)/3*-6. Let t = y + 71. Let u(v) = -v**2 + 11*v + 7. Give u(t).
7
Suppose 5*a + 10 = -5*u, 3*a + a = 4*u. Let s(i) = 4*i + 3. Let l be s(a). Let c(o) = 5*o. Let m(g) = g. Let b(j) = 3*c(j) - 6*m(j). Give b(l).
-9
Let d be -18*(-4)/16*6. Let k = 22 + d. Let u(m) = 1 + k*m + 1 - 50*m. Calculate u(3).
-1
Let m(f) be the second derivative of -f**3/2 - 5*f**2/2 + 4*f - 3. Calculate m(5).
-20
Let y(z) = 27*z**3 - 2*z + 2. Let l be y(1). Let i = l - 23. Suppose 2*p = -i*j + 4, 3*p + 0 - 6 = 2*j. Let h(t) = 3*t**3 - 3*t**2. What is h(p)?
12
Let f(q) = -q - 1. Suppose 4*k - 4*u - 28 = 0, -27 = -5*k + 4*u + 10. Let h be (-20)/(-48)*k + (-3)/4. Determine f(h).
-4
Let w(i) = -7*i**2 - i + 5. Let n(h) = 9*h**2 - 5. Let j(b) = 4*n(b) + 5*w(b). Suppose 2*o - 3 = 1. Let d be 7/o + (-7)/(-14). Determine j(d).
1
Let i(f) be the second derivative of f**3 + 9*f**2/2 - 148*f. What is i(-6)?
-27
Let i(p) = -p**2 + p + 13. Let w(x) = -x**2 - 47*x + 40. Let g(t) = -i(t) - w(t). What is g(-24)?
-5
Suppose -4*c + 23 = 5*q - 2, -4*c + 21 = q. Let r(n) = -n + 7. Calculate r(c).
2
Let t(r) = 11*r**2 + 12*r + 21. Let i(k) be the third derivative of k**5/12 + k**4/4 + 5*k**3/3 + 12*k**2. Let s(a) = -9*i(a) + 4*t(a). Determine s(-6).
-6
Let z(b) = -b**2 + 2*b + 6. Suppose 42 = -4*n + 54. Let x be z(n). Let d(u) = -u - 3. What is d(x)?
-6
Let k = -30 - -24. Let f(t) = -t**3 - 5*t**2 + 6*t + 3. Let i be f(k). Let z(w) = -2*w**3 + 0*w - 1 - w**i + 2*w - w**3. Determine z(1).
-3
Let g(n) = n**2 - 7*n - 4. Let c(a) = 3*a**2 - 14*a - 9. Let l(m) = 2*c(m) - 5*g(m). Determine l(-6).
-4
Let k(c) be the first derivative of c**4/12 - c**3/2 - 13*c**2/2 + 5. Let y(f) be the second derivative of k(f). Let g be (-19)/(-7) - 10/(-35). Give y(g).
3
Let l(v) = v**2 + v. Let b(w) = 3*w**2 + 12*w + 5. Let h(y) = b(y) - 4*l(y). Give h(9).
-4
Let f(i) be the third derivative of i**5/60 - i**4/8 + i**3 + 68*i**2. What is f(6)?
24
Let m(r) = 3*r**2 + 10*r + 12. Let h(y) = 10*y**2 + 30*y + 38. Let b(j) = 5*h(j) - 16*m(j). Determine b(6).
10
Let l be 2/(-4)*30*(-12)/36. Let w(k) = -6*k + 29. Give w(l).
-1
Let m(z) = 2*z + 6. Let l(w) = w**2 + 9*w + 5. Let b be l(-8). Let p be m(b). Let r(n) = -n**2 - n + 12. What is r(p)?
12
Let x(k) = k**3 + 7*k**2 - 3*k - 5. Suppose -4*f + 2*d + 304 = 0, 5*f - 5*d - 379 = -2*d. Suppose -7*i + 18*i = -f. Determine x(i).
16
Let y(a) be the third derivative of 0*a + 1/60*a**5 - 1/2*a**3 + 9*a**2 - 1/4*a**4 + 0. Let i(f) = -f**2 + 4*f + 5. Let z be i(4). Calculate y(z).
-8
Let w(p) be the third derivative of -p**7/120 + p**6/360 - p**4/24 + 5*p**3/2 + 7*p**2. Let j(c) be the first derivative of w(c). Determine j(-1).
7
Let r(g) be the second derivative of -g**5/20 - 3*g**4/4 + 11*g**3/6 + 7*g**2 + 12*g. Let s be (-110)/44 + (33/(-6) - 2). Calculate r(s).
4
Let u = -4 - -1. Let o(f) be the second derivative of -3*f**3/2 - f**2 + 12*f. Let g(a) = 3*a + 1. Let n(q) = u*o(q) - 8*g(q). Determine n(2).
4
Let w(p) = p**2 - 6*p. Let t be w(0). Let m(l) = l**3 - 2*l**2 + l - 1. Let r be m(t). Let c(v) = -10*v**3 + 2*v**2 - 1. Give c(r).
11
Let r(k) = k**2 + 3*k + 4. Suppose 2*d = 5 + 7. Suppose 4*j - d = -22. Let i = -8 - j. Give r(i).
8
Let a(q) be the second derivative of -q**5/20 - q**4/12 - q**3/6 - q**2/2 + 57*q. Calculate a(-3).
20
Let b(k) be the second derivative of -k**5/20 + 5*k**4/4 - 13*k**3/6 - k**2 + 26*k. Give b(14).
12
Let l(q) = 7*q + 1. Let n(v) = -6*v - 1. Let x(o) = -5*l(o) - 6*n(o). Determine x(3).
4
Let k = 2 - 1. Let v(h) = -h**3 + 3*h**2 + 3. Let j be v(3). Let f(g) = 0 + j - 3 + 11*g. What is f(k)?
11
Let c(z) = -z + 15. Let f = -278 + 291. Determine c(f).
2
Let b = 0 - 1. Let t(x) be the first derivative of 4*x**3 - x**2/2 - x + 7763. Give t(b).
12
Let c(u) be the third derivative of 1/6*u**3 - 2/15*u**5 + 0*u + 8*u**2 + 0 + 0*u**4. What is c(-1)?
-7
Suppose 4*v - 14 = -2. Let y(b) be the third derivative of -b**5/60 + 5*b**4/24 - b**3/6 + 1129*b**2. Determine y(v).
5
Let u be 12/(-18) - (-20)/3. Let g(n) = 56*n. Let b(a) = -5*a. Let f(r) = u*g(r) + 68*b(r). What is f(-1)?
4
Let v(o) be the second derivative of -o**3/2 + o**2 + 24*o + 1. Let n = -6 + 2. Give v(n).
14
Let y(p) be the third derivative of p**6/120 + p**5/30 + 81*p**2 - p. What is y(-2)?
0
Let o be (-1)/((-3)/(1 - 22)). Let s(d) be the third derivative of 0*d + 1/60*d**5 + 1/3*d**3 + 0 + 1/3*d**4 - 5*d**2. Give s(o).
-5
Let v(q) be the second derivative of q**3/6 - 15*q**2/2 + 46*q - 1. Calculate v(13).
-2
Let u be (-8)/12 - (-50)/(-6). Let o be (-3)/u - 1/3. Let y(m) = -m + 2 - 6 + 3*m - 2 - m. Give y(o).
-6
Let v(w) = -w**2 + 2*w. Let y(r) be the first derivative of -r**4/4 + 2*r**3 - 3*r**2/2 - 8*r -